{"id":3978,"date":"2019-11-07T23:17:01","date_gmt":"2019-11-07T23:17:01","guid":{"rendered":"https:\/\/7ecnosoluciones.com\/biologica\/?page_id=3978"},"modified":"2021-09-03T15:28:44","modified_gmt":"2021-09-03T15:28:44","slug":"financiacion","status":"publish","type":"page","link":"https:\/\/biologica.com.co\/motos-electricas-tipo-scooter\/financiacion\/","title":{"rendered":"Financiaci\u00f3n"},"content":{"rendered":"<section class=\"l-section wpb_row height_medium\"><div class=\"l-section-h i-cf\"><div class=\"g-cols vc_row type_default valign_top\"><div class=\"vc_col-sm-12 wpb_column vc_column_container\"><div class=\"vc_column-inner\"><div class=\"wpb_wrapper\"><div class=\"wpb_text_column\" ><div class=\"wpb_wrapper\"><h3 style=\"text-align: center;\"><span style=\"color: #1f2933;\">FINANCIACI\u00d3N<\/span><\/h3>\n<\/div><\/div><\/div><\/div><\/div><\/div><\/div><\/section><!-- Row Backgrounds --><div class=\"upb_color\" data-bg-override=\"0\" data-bg-color=\"#c8dce6\" data-fadeout=\"\" data-fadeout-percentage=\"30\" data-parallax-content=\"\" data-parallax-content-sense=\"30\" data-row-effect-mobile-disable=\"true\" data-img-parallax-mobile-disable=\"true\" data-rtl=\"false\"  data-custom-vc-row=\"\"  data-vc=\"6.0.5\"  data-is_old_vc=\"\"  data-theme-support=\"\"   data-overlay=\"false\" data-overlay-color=\"\" data-overlay-pattern=\"\" data-overlay-pattern-opacity=\"\" data-overlay-pattern-size=\"\"    ><\/div><section class=\"l-section wpb_row height_medium\" id=\"financiacion\"><div class=\"l-section-h i-cf\"><div class=\"g-cols vc_row type_default valign_top\"><div class=\"vc_col-sm-12 wpb_column vc_column_container\"><div class=\"vc_column-inner\"><div class=\"wpb_wrapper\"><div class=\"g-cols wpb_row  type_default valign_top vc_inner\"><div class=\"vc_col-sm-6 wpb_column vc_column_container\"><div class=\"vc_column-inner\"><div class=\"wpb_wrapper\"><div class=\"w-separator size_small\"><\/div><div class=\"wpb_text_column\" ><div class=\"wpb_wrapper\"><p><span style=\"color: #1f2933;\">T\u00fa eliges c\u00f3mo quieres tu cr\u00e9dito, cu\u00e1nto quieres dar de cuota inicial <\/span><span style=\"color: #1f2933;\">y a cuantas cuotas lo quieres diferir.\u00a0<\/span><\/p>\n<\/div><\/div><\/div><\/div><\/div><div class=\"vc_col-sm-6 wpb_column vc_column_container\"><div class=\"vc_column-inner\"><div class=\"wpb_wrapper\"><div class=\"w-separator size_small\"><\/div><div class=\"wpb_text_column\" ><div class=\"wpb_wrapper\"><p><span style=\"color: #1f2933;\">Puedes elegir incluso el banco con el que quieras tomarlo, sin embargo todo depender\u00e1 de tu<br \/>\ncapacidad de endeudamiento.<\/span><\/p>\n<\/div><\/div><\/div><\/div><\/div><\/div><div class=\"w-separator size_medium\"><\/div><div class=\"g-cols wpb_row  type_default valign_top vc_inner\"><div class=\"vc_col-sm-4 wpb_column vc_column_container\"><div class=\"vc_column-inner\"><div class=\"wpb_wrapper\"><div class=\"w-image align_center animate_afc\"><div class=\"w-image-h\"><img loading=\"lazy\" decoding=\"async\" width=\"224\" height=\"84\" src=\"https:\/\/biologica.com.co\/motos-electricas-tipo-scooter\/wp-content\/uploads\/2019\/12\/banco-av-villas.png\" class=\"attachment-full size-full\" alt=\"banco-de-bogota\" \/><\/div><\/div><\/div><\/div><\/div><div class=\"vc_col-sm-4 wpb_column vc_column_container\"><div class=\"vc_column-inner\"><div class=\"wpb_wrapper\"><div class=\"w-image align_center animate_afc\" style=\"animation-delay:0.1s;\"><div class=\"w-image-h\"><img loading=\"lazy\" decoding=\"async\" width=\"224\" height=\"84\" src=\"https:\/\/biologica.com.co\/motos-electricas-tipo-scooter\/wp-content\/uploads\/2019\/12\/banco-bbva.png\" class=\"attachment-full size-full\" alt=\"banco-bbva\" \/><\/div><\/div><\/div><\/div><\/div><div class=\"vc_col-sm-4 wpb_column vc_column_container\"><div class=\"vc_column-inner\"><div class=\"wpb_wrapper\"><div class=\"w-image align_center animate_afc\" style=\"animation-delay:0.2s;\"><div class=\"w-image-h\"><img loading=\"lazy\" decoding=\"async\" width=\"224\" height=\"84\" src=\"https:\/\/biologica.com.co\/motos-electricas-tipo-scooter\/wp-content\/uploads\/2019\/12\/banco-de-bogota.png\" class=\"attachment-full size-full\" alt=\"banco-de-bogota\" \/><\/div><\/div><\/div><\/div><\/div><\/div><div class=\"w-separator size_medium\"><\/div><div class=\"wpb_text_column\" ><div class=\"wpb_wrapper\"><h5 style=\"text-align: left;\"><span style=\"color: #1f2933;\">SIMULADOR DE CR\u00c9DITO\u00a0<\/span><\/h5>\n\n<div class=\"shmac-holder \">\n  <div class=\"mui-panel shmac-sc form-1\">\n\t<form class=\"shmac-form\" data-currencysymbol=\"$\" data-currencyside=\"left\" data-downpaytype=\"amount\"  >\n\t\t<legend>Calcula el valor aproximado de tus cuotas<\/legend>\t\t\t<div class=\"mui-form-group shmac-amount\">\n\t\t\t\t<a href=\"#\" class=\"shmac-tip\" title=\" \" data-title=\"El precio total de la moto que desea comprar\">\n                \t<span>\n                    \t<img decoding=\"async\" src=\"https:\/\/biologica.com.co\/motos-electricas-tipo-scooter\/wp-content\/plugins\/shmac\/assets\/img\/info.png\" class=\"shmac-info\" \/>\n                \t<\/span>\n            \t<\/a>\n\t\t\t\t<div class=\"shmac-symbol \">$<\/div>\n          \t\t<input type=\"text\" class=\"mort-amount mui-form-control  amountinput_1\" value=\"5200000\"  data-a-dec=\",\" data-a-sep=\".\"     \/> \n\t\t\t\t<label class=\"mui-form-floating-label\">Valor de la moto<\/label>\n\t\t\t\t\n\t\t\t\t<div class=\"err-msg\"><\/div>\n\t\t\t<\/div>\n\n\t\t\t<div class=\"mui-form-group shmac-interest\">\n\t\t\t\t <a href=\"#\" class=\"shmac-tip\" title=\" \" data-title=\"Este es un promedio de la tasa de inter\u00e9s que cobra cada banco, puede dejarla as\u00ed o aumentarla hasta 2,1%.\">\n                    <span>\n                        <img decoding=\"async\" src=\"https:\/\/biologica.com.co\/motos-electricas-tipo-scooter\/wp-content\/plugins\/shmac\/assets\/img\/info.png\" class=\"shmac-info\" \/>\n                    <\/span>\n                <\/a>\n\t\t\t\t<input type=\"text\" class=\"interest mui-form-control interestinput_1\" value=\"1.6\" \n\t\t\t\t\tdata-v-min=\"0.000\" data-v-max=\"100.000\" data-a-pad=\"false\"   \/>\n\t\t\t\t<label class=\"mui-form-floating-label\">Tasa de inter\u00e9s (%)<\/label>\n\t\t\t\t\n\t\t\t\t<div class=\"err-msg\"><\/div>\n\t\t\t<\/div>\n\n\t\t\t<div class=\"mui-form-group shmac-down\">\n\t\t\t\t <a href=\"#\" class=\"shmac-tip\" title=\" \" data-title=\"El valor que quiera dar de cuota inicial\">\n                    <span>\n                        <img decoding=\"async\" src=\"https:\/\/biologica.com.co\/motos-electricas-tipo-scooter\/wp-content\/plugins\/shmac\/assets\/img\/info.png\" class=\"shmac-info\" \/>\n                    <\/span>\n                <\/a>\n\t\t\t\t<div class=\"shmac-symbol \">$<\/div>\n\t\t\t\t<input type=\"text\" class=\"downpay input-symbol mui-form-control  downpayinput_1\" value=\"1000000\"\n\t\t\t\t\t data-a-dec=\",\" data-a-sep=\".\"   \/>\n\t\t\t\t<label class=\"mui-form-floating-label\">Cuota inicial ($)<\/label>\n\t\t\t\t\n\t\t\t\t<div class=\"err-msg\"><\/div>\n\t\t\t<\/div>\n\n\t\t\t<div class=\"mui-form-group shmac-term\">\n\t\t\t\t\t\t\t\t<div class=\"shmac-term-years\">\n                <input type=\"checkbox\" id=\"term-years-1\" class=\"term-years term-group\" checked=\"checked\" \/>\n                <label for=\"term-years-1\">A\u00f1os<\/label>\n            \t<\/div>\n\t\t\t\t<div class=\"shmac-term-months\">\n                <input type=\"checkbox\" id=\"term-months-1\" class=\"term-months term-group\" \/>\n                <label for=\"term-months-1\">Meses<\/label>\n                <\/div>\n\n                 <a href=\"#\" class=\"shmac-tip\" title=\" \" data-title=\"El n\u00famero de cuotas (en meses o a\u00f1os) a las que quiera diferir su cr\u00e9dito\">\n                    <span>\n                        <img decoding=\"async\" src=\"https:\/\/biologica.com.co\/motos-electricas-tipo-scooter\/wp-content\/plugins\/shmac\/assets\/img\/info.png\" class=\"shmac-info\" \/>\n                    <\/span>\n                <\/a>\n                <input type=\"text\" class=\"term mui-form-control terminput_1\" value=\"3\"\n                     data-a-pad=\"false\"  \/>\n                <label class=\"mui-form-floating-label\">Plazo<\/label>\n                \n\t\t\t\t<div class=\"err-msg\"><\/div>\n            <\/div>\n\t\t\t<div class=\"progresso\"> &nbsp;<\/div>\n        \t<div class=\"buttonRow\">\n         \t\t<button class=\"mui-btn submit-shmac\" data-mui-color=\"#00bfa5\">Calcular<\/button>\n        \t \t<button class=\"mui-btn shmac-reset_1\" type=\"reset\">Reiniciar<\/button>\n\t\t\t<\/div>\n\t\t\t\t\n    <\/form>\n  <\/div>\n<\/div><!-- End shmac-holder -->\n<\/div><\/div><div class=\"wpb_text_column\" ><div class=\"wpb_wrapper\"><p style=\"text-align: center; font-size: 12pt; line-height: 18px;\"><span style=\"color: #1f2933;\">Esto no es un tr\u00e1mite de cr\u00e9dito. Para realizar el tr\u00e1mite debes acercarte a nuestro punto de venta.<\/span><br \/>\n<span style=\"color: #1f2933;\">Estos valores son aproximados, los valores reales de las cuotas pueden variar dependiendo del banco y del d\u00eda en el que se haga la liquidaci\u00f3n final.<br \/>\nLos cr\u00e9ditos son responsabilidad exclusiva de cada banco.<\/span><\/p>\n<\/div><\/div><div class=\"g-cols wpb_row  type_default valign_top vc_inner\"><div class=\"vc_col-sm-12 wpb_column vc_column_container\"><div class=\"vc_column-inner\"><div class=\"wpb_wrapper\"><div class=\"w-separator us_separator_1 size_huge\"><style>@media(max-width:600px){.us_separator_1{height:50px!important}}<\/style><\/div><div class=\"w-separator size_medium\"><\/div><div class=\"wpb_text_column\" ><div class=\"wpb_wrapper\"><h4 style=\"text-align: center;\"><span style=\"color: #1f2933;\">OTRAS FORMAS DE PAGO<\/span><\/h4>\n<\/div><\/div><\/div><\/div><\/div><\/div><div class=\"g-cols wpb_row  type_default valign_top vc_inner\"><div class=\"vc_col-sm-6 wpb_column vc_column_container\"><div class=\"vc_column-inner\"><div class=\"wpb_wrapper\"><div class=\"w-separator size_medium\"><\/div><div class=\"wpb_text_column\" ><div class=\"wpb_wrapper\"><p><span style=\"color: #1f2933;\">Adem\u00e1s de la financiaci\u00f3n, tienes muchas otras formas de pago entre las que puedes elegir seg\u00fan te convenga.<\/span><\/p>\n<p><span style=\"color: #1f2933;\">Pago de contado, con tarjeta, transferencia bancaria, pago en l\u00ednea en la web y m\u00e1s.<\/span><\/p>\n<p><span style=\"color: #1f2933;\">Cada forma de pago tiene sus propias condiciones y puede tener incrementos en el valor final a pagar. \u00a1Cons\u00faltanos!<\/span><\/p>\n<\/div><\/div><\/div><\/div><\/div><div class=\"vc_col-sm-6 wpb_column vc_column_container\"><div class=\"vc_column-inner\"><div class=\"wpb_wrapper\"><div class=\"w-separator size_medium\"><\/div><div class=\"w-image align_center\"><div class=\"w-image-h\"><img loading=\"lazy\" decoding=\"async\" width=\"467\" height=\"215\" src=\"https:\/\/biologica.com.co\/motos-electricas-tipo-scooter\/wp-content\/uploads\/2019\/11\/pagos.png\" class=\"attachment-full size-full\" alt=\"\" \/><\/div><\/div><\/div><\/div><\/div><\/div><\/div><\/div><\/div><\/div><\/div><\/section><!-- Row Backgrounds --><div class=\"upb_color\" data-bg-override=\"0\" data-bg-color=\"#ffffff\" data-fadeout=\"\" data-fadeout-percentage=\"30\" data-parallax-content=\"\" data-parallax-content-sense=\"30\" data-row-effect-mobile-disable=\"true\" data-img-parallax-mobile-disable=\"true\" data-rtl=\"false\"  data-custom-vc-row=\"\"  data-vc=\"6.0.5\"  data-is_old_vc=\"\"  data-theme-support=\"\"   data-overlay=\"false\" data-overlay-color=\"\" data-overlay-pattern=\"\" data-overlay-pattern-opacity=\"\" data-overlay-pattern-size=\"\"    ><\/div><section class=\"l-section wpb_row height_medium\"><div class=\"l-section-h i-cf\"><div class=\"g-cols vc_row type_default valign_top\"><div class=\"vc_col-sm-12 wpb_column vc_column_container\"><div class=\"vc_column-inner\"><div class=\"wpb_wrapper\"><div class=\"wpb_text_column\" ><div class=\"wpb_wrapper\"><h4 style=\"text-align: center;\"><span style=\"color: #ffffff;\">\u00a1VEN A VERLAS<br \/>\nPERSONALMENTE!<\/span><\/h4>\n<\/div><\/div><div class=\"w-separator size_small\"><\/div><div class=\"g-cols wpb_row  type_default valign_top vc_inner\"><div class=\"vc_col-sm-12 wpb_column vc_column_container\"><div class=\"vc_column-inner\"><div class=\"wpb_wrapper\"><div class=\"w-form  layout_ver for_cform us_form_1\">\r\n\t<form class=\"w-form-h\" autocomplete=\"off\" action=\"https:\/\/biologica.com.co\/motos-electricas-tipo-scooter\/motos-electricas-tipo-scooter\/wp-json\/wp\/v2\/pages\/3978\" method=\"post\">\r\n\t\t<div class=\"w-form-row for_text required\">\r\n\t\t<div class=\"w-form-row-field\">\r\n\t\t\t\t\t\t<input aria-label=\"Nombre\" type=\"text\" name=\"us_form_1_text_1\" value=\"\" placeholder=\"Nombre *\" data-required=\"true\" aria-required=\"true\"\/>\r\n\t\t\t<\/div>\r\n\t\t<div class=\"w-form-row-state\">Rellena este campo<\/div>\r\n<\/div>\r\n<div class=\"w-form-row for_text required\">\r\n\t\t<div class=\"w-form-row-field\">\r\n\t\t\t\t\t\t<input aria-label=\"Tel\u00e9fono\" type=\"text\" name=\"us_form_1_text_2\" value=\"\" placeholder=\"Tel\u00e9fono *\" data-required=\"true\" aria-required=\"true\"\/>\r\n\t\t\t<\/div>\r\n\t\t<div class=\"w-form-row-state\">Rellena este campo<\/div>\r\n<\/div>\r\n<div class=\"w-form-row for_email required\">\r\n\t\t<div class=\"w-form-row-field\">\r\n\t\t\t\t\t\t<input aria-label=\"Correo electr\u00f3nico\" type=\"email\" name=\"us_form_1_email_1\" value=\"\" placeholder=\"Correo electr\u00f3nico *\" data-required=\"true\" aria-required=\"true\"\/>\r\n\t\t\t<\/div>\r\n\t\t<div class=\"w-form-row-state\">Por favor, introduce una direcci\u00f3n de correo electr\u00f3nico v\u00e1lida.<\/div>\r\n<\/div>\r\n<div class=\"w-form-row for_textarea\">\r\n\t\t<div class=\"w-form-row-field\">\r\n\t\t\t\t\t\t<textarea aria-label=\"Asunto\" name=\"us_form_1_textarea_1\" placeholder=\"Asunto\"><\/textarea>\r\n\t\t\t<\/div>\r\n\t\t<div class=\"w-form-row-state\">Rellena este campo<\/div>\r\n<\/div>\r\n<input type=\"hidden\" name=\"action\" value=\"us_ajax_cform\" \/><input type=\"hidden\" name=\"post_id\" value=\"3978\" \/><input type=\"hidden\" name=\"form_index\" value=\"1\" \/><div class=\"w-form-row for_submit width_full\">\r\n\t<div class=\"w-form-row-field\">\r\n\t\t\t\t<button class=\"w-btn  us-btn-style_1\" aria-label=\"Enviar\" type=\"submit\">\r\n\t\t\t<span class=\"g-preloader type_1\"><\/span>\r\n\t\t\t\t\t\t<span class=\"w-btn-label\">Enviar<\/span>\r\n\t\t\t\t\t<\/button>\r\n\t<\/div>\r\n<\/div>\t<\/form>\r\n\t<div class=\"w-form-message\"><\/div>\r\n\t<div class=\"w-form-json hidden\" onclick='return {&quot;ajaxurl&quot;:&quot;https:\\\/\\\/biologica.com.co\\\/motos-electricas-tipo-scooter\\\/wp-admin\\\/admin-ajax.php&quot;}'><\/div>\r\n<\/div><div class=\"w-separator us_separator_2 size_large\"><style>@media(max-width:600px){.us_separator_2{height:50px!important}}<\/style><\/div><\/div><\/div><\/div><\/div><div class=\"g-cols wpb_row  type_default valign_middle vc_inner\"><div class=\"vc_col-sm-6 wpb_column vc_column_container\"><div class=\"vc_column-inner\"><div class=\"wpb_wrapper\"><div class=\"w-image align_center\"><a class=\"w-image-h\" href=\"tel:+573162850557\" target=\"_blank\" rel=\"noopener\"><img loading=\"lazy\" decoding=\"async\" width=\"382\" height=\"82\" src=\"https:\/\/biologica.com.co\/motos-electricas-tipo-scooter\/wp-content\/uploads\/2020\/04\/cel-3162850557.png\" class=\"attachment-full size-full\" alt=\"cel-3162850557\" \/><\/a><\/div><div class=\"wpb_text_column us_custom_b2452879\" ><div class=\"wpb_wrapper\"><p style=\"text-align: center;\"><span style=\"color: #33ff66;\">CELULAR<\/span><\/p>\n<\/div><\/div><\/div><\/div><\/div><div class=\"vc_col-sm-6 wpb_column vc_column_container\"><div class=\"vc_column-inner\"><div class=\"wpb_wrapper\"><div class=\"w-image align_center\"><a class=\"w-image-h\" href=\"tel:+573173357781\" target=\"_blank\" rel=\"noopener\"><img loading=\"lazy\" decoding=\"async\" width=\"382\" height=\"82\" src=\"https:\/\/biologica.com.co\/motos-electricas-tipo-scooter\/wp-content\/uploads\/2020\/04\/cel-3173357781.png\" class=\"attachment-full size-full\" alt=\"cel-3173357781\" \/><\/a><\/div><div class=\"wpb_text_column us_custom_b2452879\" ><div class=\"wpb_wrapper\"><p style=\"text-align: center;\"><span style=\"color: #33ff66;\">CELULAR<\/span><\/p>\n<\/div><\/div><\/div><\/div><\/div><\/div><div class=\"g-cols wpb_row  type_default valign_middle vc_inner\"><div class=\"vc_col-sm-12 wpb_column vc_column_container\"><div class=\"vc_column-inner\"><div class=\"wpb_wrapper\"><div class=\"w-separator size_large\"><\/div><\/div><\/div><\/div><\/div><div class=\"g-cols wpb_row  type_default valign_middle vc_inner\"><div class=\"vc_col-sm-6 wpb_column vc_column_container\"><div class=\"vc_column-inner\"><div class=\"wpb_wrapper\"><div class=\"w-image align_right animate_afl\"><div class=\"w-image-h\"><img loading=\"lazy\" decoding=\"async\" width=\"54\" height=\"40\" src=\"https:\/\/biologica.com.co\/motos-electricas-tipo-scooter\/wp-content\/uploads\/2019\/10\/gift.png\" class=\"attachment-full size-full\" alt=\"\" \/><\/div><\/div><\/div><\/div><\/div><div class=\"vc_col-sm-6 wpb_column vc_column_container\"><div class=\"vc_column-inner\"><div class=\"wpb_wrapper\"><div class=\"w-image align_left animate_afr\"><div class=\"w-image-h\"><img loading=\"lazy\" decoding=\"async\" width=\"30\" height=\"39\" src=\"https:\/\/biologica.com.co\/motos-electricas-tipo-scooter\/wp-content\/uploads\/2019\/10\/maker-1.png\" class=\"attachment-full size-full\" alt=\"\" \/><\/div><\/div><\/div><\/div><\/div><\/div><div class=\"g-cols wpb_row  type_default valign_middle vc_inner\"><div class=\"vc_col-sm-6 wpb_column vc_column_container\"><div class=\"vc_column-inner us_custom_80dd99cc \"><div class=\"wpb_wrapper\"><div class=\"wpb_text_column\" ><div class=\"wpb_wrapper\"><p style=\"text-align: right;\"><span style=\"color: #ffffff;\">Nuestros visitantes<\/span><br \/>\n<span style=\"color: #ffffff;\">siempre salen con un regalo<\/span><br \/>\n<span style=\"color: #ffffff;\">de la tienda<\/span><br \/>\n<span style=\"color: #ffffff;\">s\u00f3lo por visitarnos<\/span><\/p>\n<\/div><\/div><\/div><\/div><\/div><div class=\"vc_col-sm-6 wpb_column vc_column_container\"><div class=\"vc_column-inner\"><div class=\"wpb_wrapper\"><div class=\"wpb_text_column\" ><div class=\"wpb_wrapper\"><p style=\"text-align: left;\"><span style=\"color: #ffffff;\">UBICACI\u00d3N<\/span><br \/>\n<span style=\"color: #ffffff;\">Av. Caracas #71a-23 Piso 2<\/span><br \/>\n<span style=\"color: #ffffff;\">Bogot\u00e1<\/span><\/p>\n<\/div><\/div><\/div><\/div><\/div><\/div><div class=\"g-cols wpb_row  type_default valign_middle vc_inner\"><div class=\"vc_col-sm-12 wpb_column vc_column_container\"><div class=\"vc_column-inner\"><div class=\"wpb_wrapper\"><div class=\"wpb_text_column\" ><div class=\"wpb_wrapper\"><p style=\"text-align: center; font-size: 14px;\">Ir a la p\u00e1gina general de <a href=\"https:\/\/biologica.com.co\/\" target=\"_blank\" rel=\"noopener noreferrer\">Biol\u00f3gica<\/a><\/p>\n<\/div><\/div><\/div><\/div><\/div><\/div><\/div><\/div><\/div><\/div><\/div><\/section><!-- Row Backgrounds --><div class=\"upb_color\" data-bg-override=\"0\" data-bg-color=\"#1f2933\" data-fadeout=\"\" data-fadeout-percentage=\"30\" data-parallax-content=\"\" data-parallax-content-sense=\"30\" data-row-effect-mobile-disable=\"true\" data-img-parallax-mobile-disable=\"true\" data-rtl=\"false\"  data-custom-vc-row=\"\"  data-vc=\"6.0.5\"  data-is_old_vc=\"\"  data-theme-support=\"\"   data-overlay=\"false\" data-overlay-color=\"\" data-overlay-pattern=\"\" data-overlay-pattern-opacity=\"\" data-overlay-pattern-size=\"\"    ><\/div>\n","protected":false},"excerpt":{"rendered":"FINANCIACI\u00d3N T\u00fa eliges c\u00f3mo quieres tu cr\u00e9dito, cu\u00e1nto quieres dar de cuota inicial y a cuantas cuotas lo quieres diferir.\u00a0 Puedes elegir incluso el banco con el que quieras tomarlo, sin embargo todo depender\u00e1 de tu capacidad de endeudamiento. SIMULADOR DE CR\u00c9DITO\u00a0 Calcula el valor aproximado de tus cuotas $ Valor de la moto Tasa...","protected":false},"author":1,"featured_media":0,"parent":0,"menu_order":0,"comment_status":"closed","ping_status":"closed","template":"","meta":{"content-type":"","_monsterinsights_skip_tracking":false,"_monsterinsights_sitenote_active":false,"_monsterinsights_sitenote_note":"","_monsterinsights_sitenote_category":0,"footnotes":""},"acf":[],"_links":{"self":[{"href":"https:\/\/biologica.com.co\/motos-electricas-tipo-scooter\/wp-json\/wp\/v2\/pages\/3978"}],"collection":[{"href":"https:\/\/biologica.com.co\/motos-electricas-tipo-scooter\/wp-json\/wp\/v2\/pages"}],"about":[{"href":"https:\/\/biologica.com.co\/motos-electricas-tipo-scooter\/wp-json\/wp\/v2\/types\/page"}],"author":[{"embeddable":true,"href":"https:\/\/biologica.com.co\/motos-electricas-tipo-scooter\/wp-json\/wp\/v2\/users\/1"}],"replies":[{"embeddable":true,"href":"https:\/\/biologica.com.co\/motos-electricas-tipo-scooter\/wp-json\/wp\/v2\/comments?post=3978"}],"version-history":[{"count":23,"href":"https:\/\/biologica.com.co\/motos-electricas-tipo-scooter\/wp-json\/wp\/v2\/pages\/3978\/revisions"}],"predecessor-version":[{"id":4606,"href":"https:\/\/biologica.com.co\/motos-electricas-tipo-scooter\/wp-json\/wp\/v2\/pages\/3978\/revisions\/4606"}],"wp:attachment":[{"href":"https:\/\/biologica.com.co\/motos-electricas-tipo-scooter\/wp-json\/wp\/v2\/media?parent=3978"}],"curies":[{"name":"wp","href":"https:\/\/api.w.org\/{rel}","templated":true}]}}